y and j.
11
Let h(i) = i**2 + 17*i - 172. Let u be h(7). Let m be -27*3*u/(-1 + 13). Calculate the highest common factor of m and 864.
27
Suppose 1144 = 237*u - 211*u. What is the highest common factor of 77 and u?
11
Let o be (10686/65)/((-1)/((-940)/12)). Calculate the highest common factor of o and 137.
137
Let o = -136 + 211. Suppose 2 = -4*g + 5*f + 17, -2*f = -5*g + 6. Suppose 3*r + 16 = a, 0*r + 3*r - 9 = g. Calculate the greatest common factor of a and o.
25
Let s(w) = -w + 37. Let q(v) = v**3 - 7*v**2 + 9*v - 7. Let u be q(4). Let o be s(u). Calculate the greatest common factor of o and 70.
14
Let i = -56 - -133. Suppose 6*z - i = -z. Calculate the greatest common factor of 11 and z.
11
Suppose -4*f + 734 = 6*t, -2*f + 5*f + 5*t - 550 = 0. What is the greatest common divisor of f and 1591?
37
Suppose -1176100 = -221*f + 381774 + 2442226. What is the highest common factor of f and 200?
100
Suppose -132*b = 143*b - 307*b + 54272. What is the greatest common divisor of b and 64?
32
Let s(t) = 2005*t**2 + 8*t - 26. Let g be s(2). What is the greatest common divisor of g and 18?
18
Suppose -2*v = -z - 16, 5*v + 11*z - 46 = 12*z. Let d be (-2496)/v*50/(-15). Calculate the highest common factor of d and 13.
13
Suppose -78 - 18 = -3*o. Suppose -336*h + 337*h = 48. Suppose -49*c + 55*c - h = 0. What is the highest common factor of o and c?
8
Suppose 7*t - 2*t - 4*s - 10626 = 0, -s + 2118 = t. Calculate the greatest common divisor of 2 and t.
2
Suppose 3*f + 195*j = 190*j + 7327, 0 = 4*f + j - 9792. What is the greatest common divisor of f and 711?
79
Let i = -429 - -378. Let g = 107 + i. Calculate the highest common factor of g and 84.
28
Suppose 260*l + 748 = 277*l. What is the highest common divisor of 308 and l?
44
Suppose 11*i - 1191 - 2153 = 0. Calculate the greatest common divisor of 3 and i.
1
Let y = -5453 + 5881. Calculate the greatest common factor of y and 1177.
107
Suppose 3*x + 2049 = -3*c, x = 5*c - 4*x + 3365. Let p = 700 + c. Calculate the greatest common factor of 198 and p.
22
Let r = -88 - -97. Suppose 4*z = t + r, 0*t + 5*z = t + 10. Let o(n) = 12*n**2 + n - 22. Let u be o(t). Calculate the highest common divisor of 39 and u.
39
Suppose -1020*f - 4010 = -1015*f. Let q = 892 + f. What is the highest common divisor of 162 and q?
18
Suppose 2*c - 7 = -3*s - 3, 3*c - 5*s = 25. Suppose 2*y + g = 9, 24 - 5 = c*y - g. What is the highest common factor of 8 and y?
4
Let f(y) = y**3 + 4*y**2 - 22*y + 5. Let w be f(5). Suppose -10*u + 6*u = p - 1061, 4*u + 2*p = 1066. What is the highest common divisor of w and u?
24
Suppose 17*p + 119 = -6*p + 1545. Calculate the greatest common factor of p and 155.
31
Let n be 2/5 - 7/5. Let h = n + 11. Let o = 31738 - 31688. What is the highest common divisor of o and h?
10
Let i = -53 + 53. Suppose -19 = 5*u - 5*b + 6, i = -5*u - 5*b + 15. Let h be (0 + u)/((-5)/15). What is the greatest common divisor of h and 39?
3
Suppose 0 = 2*g - g + 4880. Let q be (-46)/7 + 6 + g/(-14). Suppose 3*n - q = -3*j, 2*j + 2*j - n - 464 = 0. What is the greatest common divisor of j and 290?
58
Let f = 8031 - 8016. Let n = 232 + -22. Calculate the greatest common factor of f and n.
15
Let q(v) be the second derivative of -v**3/6 + 7*v**2 + 79*v. Let l be q(-6). What is the greatest common factor of 25 and l?
5
Let r = -48 + 48. Suppose -n + 17 + 16 = r. Suppose 5*g - 4*z - n = 42, 3*g + 5*z - 8 = 0. Calculate the greatest common factor of 77 and g.
11
Let o = 7 + -10. Let s be (1*-8 - o)*-1. Suppose 0 = -j - 9 + 14. Calculate the greatest common divisor of j and s.
5
Suppose 12 = 4*f - 4, 0 = 2*x + 5*f - 21008. Let n be (-2)/(-5) - x/(-90). Calculate the greatest common divisor of n and 52.
13
Suppose 4*l + 3*u + 22 = 0, -3*l + 2*u = 7*u + 22. Let j be ((-34)/(-4))/((25/10)/(-5)). Let r = l - j. What is the greatest common divisor of r and 91?
13
Suppose 3*h - j = 69, -95*h + 99*h - 4*j - 100 = 0. Let w(o) = 76*o**3 + 2*o - 1. Let z be w(1). Calculate the greatest common factor of z and h.
11
Suppose -51*v + 102 = 3*m - 47*v, -v - 79 = -2*m. Calculate the greatest common factor of m and 2185.
19
Let a = 126 + -133. Let i be 3/(-21) + (5 - 456/a). Let c be (1 + 1)*5 + 0. What is the highest common factor of c and i?
10
Let x be 104/56*7 - -7. Let h be (-2)/(-8) + 50/(-8). Let t be ((-15)/6)/(3/h). What is the highest common divisor of x and t?
5
Let r be 3*(3/(-2) + (-1029)/18). Let k = -31 - 217. Let u = r - k. Calculate the greatest common factor of u and 18.
18
Let x(j) = -126*j**2 + 1756*j + 6. Let b be x(4). What is the greatest common divisor of b and 92?
46
Suppose 6*k + 294 = -k. Let z be (k/8)/((-45)/960). What is the highest common factor of z and 42?
14
Suppose 5*r = -q + 11362, 0 = -3*q + 362*r - 365*r + 33990. What is the greatest common factor of q and 111?
111
Let p(n) = -4*n**3 + 5*n**3 - 7*n**2 + n**3 + 3*n - 7 - n**3. Let v be p(7). Suppose 45*x = 49*x - 140. What is the highest common divisor of v and x?
7
Let m be (11/(-3))/(-2*3/162). Let a = m - 102. Let w(x) = -3*x**3 + 5*x**2 + 2*x + 1. Let o be w(a). What is the highest common divisor of o and 22?
11
Suppose 0*q = -3*q + 45. Suppose 2*d = 5*r + 2957, -2*r = -4*d + 5886 + 20. Suppose -1884 = -28*k + d. What is the greatest common factor of k and q?
15
Let g be (-64)/(-10)*(9 + 1). Let b(f) = 2086*f + 10542. Let m be b(-5). What is the highest common factor of g and m?
16
Let c = -25 + 49. Suppose -26*p + 51 = -25*p. Suppose 0 = y - 3*t - 10 - 11, -3*t + p = 5*y. Calculate the greatest common factor of y and c.
12
Let k be 28/3 + ((-10)/(-3))/5. Let m(z) = 29*z + 150. Let t be m(k). What is the greatest common factor of 44 and t?
44
Let t be 6/4*28/(-6) + 184800/40. What is the greatest common divisor of t and 7?
7
Let a(n) = -n**2 - 207. Let o be a(-22). Let u = o + 747. What is the highest common factor of 70 and u?
14
Let h = -315 + 445. Let f = -114 + h. What is the highest common divisor of 120 and f?
8
Suppose -c = -6*h + 3*h - 49, -5*h + 165 = 5*c. Suppose 4*u + 165 = 5*m, -5*u - 79 = -2*m - 6*u. What is the greatest common divisor of m and c?
37
Let n(o) = -o**3 - 6*o**2 + 13*o - 25. Let s be n(-13). What is the highest common divisor of 69 and s?
23
Let g(i) = -2*i + 2 + 0*i**2 + i**3 + 6*i - 8*i + 0 + 5*i**2. Let w be g(-4). What is the highest common divisor of 595 and w?
17
Suppose 753 = 4*b + 3*n - 130, b = 5*n + 215. Let k(a) = 10*a**2 - 76*a - 2. Let g be k(8). What is the highest common factor of g and b?
10
Let d = 5647 + -4317. What is the highest common factor of d and 130?
10
Let i = 1997 + -989. Suppose 3*c - i = -5088. Let v be (c/30)/((-2)/6). What is the highest common divisor of v and 17?
17
Let r be (-5109)/(-81) - ((-1448)/864 - (-28)/16). Calculate the greatest common divisor of 1001 and r.
7
Let h(n) = -n**3 + 45*n**2 - 87*n + 48. Let k be h(43). Suppose 3*y + 4*r = 1096, -3*y + k*r + 994 + 66 = 0. Calculate the greatest common divisor of y and 9.
9
Let m(f) = 46*f**3 + 3*f**2 + 11*f - 17. Let o be m(2). What is the greatest common factor of 420 and o?
35
Let p be 12312/20 - 16/(-40). What is the greatest common factor of p and 4158?
154
Let s(c) = 864*c**2 + 20. Let t be s(2). Calculate the greatest common factor of t and 33.
11
Let l = -9003 + 10103. What is the highest common divisor of 3520 and l?
220
Suppose 14*a - 59 - 67 = 0. Suppose 2*t - 140 = -5*k, -5*t = -a*t - k + 298. Calculate the greatest common factor of 30 and t.
15
Let f be (-421)/(-3) - 1/3. Let o be (4/5)/(10/25). Suppose o*d + 165 = 5*d + v, 3*d - 5*v = 183. Calculate the highest common divisor of f and d.
28
Suppose -4*a + 40 = -4*z, -24 = -3*a - z + 10. Suppose 3249 = -a*k + 10014. Calculate the greatest common factor of k and 15.
15
Suppose 3*o + 301 = 4*h, -5*o - 4*h - 617 = -126. Let t(b) = 169*b + 17. Let z be t(1). Let f = o + z. Calculate the greatest common factor of f and 29.
29
Let s = 258 + -244. Let y = 61 - 37. Let m = y - s. What is the greatest common factor of 70 and m?
10
Let b(i) = -495*i**3 + 14*i + 14. Let t be b(-1). What is the greatest common factor of 440 and t?
55
Let m(w) = w**2 + 16*w + 87. Let i be m(-15). Suppose 0*q - 280 = -7*q. Calculate the greatest common divisor of i and q.
8
Suppose 3*a - 5*a = -168. Su